= t**3 - 13*t**2 + 65*t + 6. What is the remainder when 5758 is divided by d(6)?
142
Let t = -16 + 18. Let r be ((1 - 2) + 1)/t. Suppose -3*f + 46 = k, r*f + 19 = 2*f + 3*k. Calculate the remainder when 32 is divided by f.
15
Suppose -c - 500 = 3*d, 28 = 2*d + 2*c + 364. Let x = 224 + d. What is the remainder when 463 is divided by x?
57
Suppose -2*h + 7*h - 41 = -4*f, 3*h + f - 19 = 0. Suppose -14 + 50 = m + 3*n, 2*m - 77 = -h*n. What is the remainder when 150 is divided by m?
48
Let w = -1943 - -2821. Let d = w - 811. Calculate the remainder when d is divided by 12.
7
Suppose 66 = 57*i - 70*i + 2640. Calculate the remainder when i is divided by 59.
21
Let l(k) = 76*k**3 - k. Let v(a) = -a**3 - 7*a**2 + 9*a + 19. Suppose -12*n + 57 = 153. What is the remainder when l(1) is divided by v(n)?
9
Let h = 92 - 53. Suppose 0 = i - 0 + 22. Let u = i + h. What is the remainder when u is divided by 8?
1
Let s(x) = -x**3 + 4*x**2 + 4*x - 15. Let l be -3*8*(-1 - (-15)/18). Let b be s(l). What is the remainder when (15/3)/(b/7) is divided by 19?
16
Let u be 3530/(-100) - (-9)/30. Suppose -3*b - 48 - 9 = 0. Let g = b - u. What is the remainder when 61 is divided by g?
13
Suppose -145*p + 1836 = -8024. What is the remainder when 259 is divided by p?
55
Let o(c) = -c**2 + 18*c + 57. Let b = 118 + -99. What is the remainder when o(b) is divided by 1/(-1)*(-30)/3?
8
Suppose 80 = g + 3*k, k + 96 = -0*g + g. Let y = 56 + g. Suppose s - 59 = 5*b, -5*b = -2*s - 10*b + y. What is the remainder when s is divided by 12?
9
Suppose 420 = -4*m - 5*x, 2*x + 144 = -2*m - 68. Calculate the remainder when 328 is divided by ((-75)/(-12))/(m/(-528)).
28
Let h = 53 - 53. Suppose h = 3*k - 2*b - 58, -5 - 3 = -2*b. What is the remainder when 102 is divided by k?
14
Let w be 16/6*(-126)/(-56). Suppose -5*s - 25 = 0, s + 11 = 3*l + w*s. Suppose 0 = -2*i + i + l. What is the remainder when 44 is divided by i?
8
Let s(w) = -w**2 - w + 2. Let c be s(8). Let l be 96 - 0 - (-5 - 8/(-2)). Let g = c + l. What is the remainder when 134 is divided by g?
26
Let u(n) = 2*n**2 + 2*n - 23. Let c(a) = -a**2 + 3*a + 13. Let f be c(6). What is the remainder when 63 is divided by u(f)?
12
Let r = 2578 - -60. What is the remainder when r is divided by 29?
28
Let l(n) = -14*n + n**3 + 3*n**2 + 800 - 818 + 8*n**2. What is the remainder when 33 is divided by l(-12)?
3
Let d(n) = 529*n - 2296. What is the remainder when d(10) is divided by 1491?
12
Let m = 25158 + -16486. What is the remainder when m is divided by 147?
146
Let i(d) = -33*d + 6. Suppose -l = 8*g - 3*g, -2*l = -2*g. What is the remainder when 27 is divided by i(l)?
3
Suppose 56*k - 4345 - 3327 = 0. What is the remainder when 826 is divided by k?
4
Let o = 1 - 2. Suppose y = 2*b - 7, b = -2*y + 23 - 12. Calculate the remainder when 17 is divided by (12/4 + o)/(2/b).
2
Suppose -6*n = -0*n - 2736. Suppose d - 4*f - 456 = -2*d, -3*d - 3*f = -n. Suppose -36*u + d = -32*u. What is the remainder when u is divided by 14?
10
Let m = 570 + -565. Suppose 5*p = -m*c + 15, 0 = -6*p + 3*p - 2*c + 11. Calculate the remainder when 19 is divided by p.
4
Let g be (-2)/(-6) - (-44)/3. Let o = -6737 + 6743. Calculate the remainder when (12/20)/(1/g) is divided by o.
3
Let p(a) = -2*a. Let h be p(-1). Let s = 384 - 250. Suppose -4*f + h*x + s = -0*x, 0 = -5*x - 25. What is the remainder when f is divided by 11?
9
Let v = 15253 - 15244. Let y be (-16)/(-10)*(-135)/(-18). Let f = y - 4. What is the remainder when v is divided by f?
1
Calculate the remainder when (41*6)/(4 - 3) is divided by -1*(-19 + (-21 - -9)).
29
Let d = -2680 - -3201. What is the remainder when d is divided by 178?
165
Let b(z) = 7*z**3 + 2*z**2 + 3. Let g = 5 - -41. What is the remainder when b(2) is divided by g?
21
Let p(a) = -3*a**2 - a + 45. Suppose -4*q = 25 - 25. What is the remainder when p(q) is divided by 13?
6
Suppose -4*q + 0*r = -2*r - 886, 0 = -5*q - 2*r + 1121. Let w = -3757 - -3773. Calculate the remainder when q is divided by w.
15
Suppose -6*q = -965 - 973. Suppose 74*m = 150*m - 4104. What is the remainder when q is divided by m?
53
Calculate the remainder when 5105490/1638 - 4/(-42) is divided by 120.
117
Let r = 0 - -2. Suppose 4*j - 120 = -r*j. Suppose 48 - 41 = i. Calculate the remainder when j is divided by i.
6
Let m(u) = -u**3 - 8*u**2 - 4*u + 8. Suppose -20 = 3*l + 7. Let b = 81 - 49. What is the remainder when m(l) is divided by b?
29
Suppose 0 = j - 2*f - 0*f - 1178, 2*j - 2346 = 2*f. Suppose -86*a + j = -70*a. Calculate the remainder when a is divided by 8.
1
Suppose 8*r - 391 = 1785. Suppose -71*s + r = -67*s. Calculate the remainder when s is divided by 55.
13
Let q(k) = -26*k - 84. Let d be q(-9). Let b = -114 + d. Let t(j) = 11*j**2 - 2*j + 1. Calculate the remainder when b is divided by t(1).
6
What is the remainder when (21/12 + 0)*(-79 - -315) is divided by 19?
14
Calculate the remainder when 188 is divided by -7 - -2 - (-30 - -6).
17
Let p = 25690 + -25673. Calculate the remainder when 71 is divided by p.
3
Suppose -4*h = -3*h - 24. What is the remainder when h is divided by (-35)/(-490) - 3685/(-154)?
0
Suppose 2*q = 5*z - 255, -5*z - 33*q + 36*q = -260. What is the remainder when (-1134)/(-8) + 15/(-20) is divided by z?
43
Suppose 5807 = 2*k + l, 4*l = 7*k - 2*k - 14563. Calculate the remainder when k is divided by 139.
127
Suppose 18*f = 28*f - 12510. Calculate the remainder when (2/(-6))/((-3)/f) is divided by 35.
34
Let j(i) = 35*i - 639. Suppose 158 = 4*u - 4*c - 158, -3*u = 2*c - 222. What is the remainder when u is divided by j(19)?
24
Let s(d) = 5*d**2 + 281*d + 2435. What is the remainder when s(-9) is divided by 84?
59
Let l(x) = 17*x**2 - 32*x - 16. Let k(b) = 6*b**2 - 11*b - 5. Let h(z) = -11*k(z) + 4*l(z). Calculate the remainder when h(8) is divided by (-6)/(-45) + 815/75.
8
Calculate the remainder when 1418 is divided by -3 - -26*5/10.
8
Let k(z) = -z**3 - 12*z**2 - 19*z + 125. What is the remainder when k(-12) is divided by 63?
38
Let t = 187 + -182. Suppose -8*j + 7*j - 5*u + t = 0, -u = -2*j + 43. Suppose -384 = -h - 3*h + 4*z, h - 96 = 4*z. What is the remainder when h is divided by j?
16
Let f = -45 - -18. What is the remainder when (f + -3)*(-3)/((-9)/(-5)) is divided by ((-3)/9)/(1/(-39))?
11
Suppose p + 2*p = 3*f - 366, 3*p = 2*f - 247. Let s be 0/2 + 18/4*-48. What is the remainder when f is divided by 4/(-18) - 6528/s?
29
Let v be ((1 - -1) + 78)*(-15)/(-4). Suppose -3*p + v = 12*p. Calculate the remainder when 58 is divided by p.
18
Let r(k) = 26*k**3 - 134*k**2 - 18*k - 28. What is the remainder when r(6) is divided by 200?
56
Suppose -u - 28 = -4*q - 9, 3*q + u - 23 = 0. Let k be (0/1)/((-2)/2). Suppose k = 7*s - q*s - 69. What is the remainder when s is divided by 5?
4
Let q = 63 + -47. What is the remainder when 2*766/28*7 is divided by q?
15
Let o(w) = 2*w + 7. Let f be o(-2). Let y(a) = a + 6*a + 28 - 41 + 31. Calculate the remainder when 153 is divided by y(f).
36
Suppose j - 115 = -z, 0*z = -3*j - z + 335. Suppose -j = -7*b + 2*b. Suppose x - 4*x + 18 = 0. Calculate the remainder when b is divided by x.
4
Let m(b) be the first derivative of 2*b**2 + 25*b + 33. Calculate the remainder when m(3) is divided by (-2)/4 - (-82)/4.
17
Let x(q) = 4 + 0 - 7*q + 1. What is the remainder when x(-5) is divided by ((14 - 128)/(-19))/(3/7)?
12
Suppose -15*b = -23*b + 56. Let a(q) = -q**2 + 7*q + 4. Calculate the remainder when a(b) is divided by 3.
1
Let x(m) = -m**3 + 189*m**2 - 3*m - 1 - 19 - 2 - 211*m**2. Calculate the remainder when x(-22) is divided by 26.
18
Let t = -10710 + 10869. What is the remainder when 7154 is divided by t?
158
Let n be 2 - -2 - ((4 - 2) + -3). Suppose 57 = 4*a - n*q - 237, -2*q = 5*a - 351. Suppose 20 = -67*f + a*f. Calculate the remainder when 12 is divided by f.
2
Let s(o) = -10*o**3 - 2*o**2 + 1. Suppose 7428*d + 1463 = 7505*d. Calculate the remainder when s(-2) is divided by d.
16
Let r = -25086 - -25178. Calculate the remainder when 1467 is divided by r.
87
Let o(k) = 0*k**2 + 3*k**2 - 2*k**2 + 11*k + 18. Let x be o(-9). Let v(p) = -p**3 - p + 13. What is the remainder when 23 is divided by v(x)?
10
Let h = -15813 - -16060. What is the remainder when h is divided by -2*(1 + 0) + 33?
30
Let g(